*a + 6. Let z be f(-6). List the prime factors of (6 + 75)/(z/(-4)).
2, 3
Let y = 98 + -7. List the prime factors of y.
7, 13
Let u = -1 - -3. Suppose u*n = 5*n - 9. Let r = n - -1. What are the prime factors of r?
2
Let y = -33 - -89. Suppose -4*f = i - y, 5*f - f - 164 = -4*i. List the prime factors of i.
2, 3
Let h be (4 - 1) + 11/(-1). Let q(k) = -k**2 - 10*k - 12. What are the prime factors of q(h)?
2
Suppose 0 = 2*t - 5*t + 6. What are the prime factors of t/6 - 384/(-36)?
11
Suppose 20 = -3*u - 5*t, u - 2*t - 7 - 1 = 0. Suppose u = 4*l - l - 147. Suppose -3*w = -5*m - 43, 0*w + 5*w + 3*m = l. List the prime factors of w.
11
What are the prime factors of 55*(3 - 26/10)?
2, 11
Let j = -3 - -37. List the prime factors of j.
2, 17
Suppose 2*j - 3 - 5 = 0. Let v = j + -5. Let m = v + 3. List the prime factors of m.
2
Suppose -3*c = 2*c + 2*i - 23, -2 = 2*c - 2*i. What are the prime factors of c?
3
Let a(s) = s + 5. Let w(m) = -9*m - 51. Let y(k) = -42*a(k) - 4*w(k). What are the prime factors of y(-8)?
2, 3, 7
List the prime factors of (-20787)/(-82)*(5/3 + -1).
13
Let q be (-5 + 6/3)/(-3). Suppose 5*x = q + 24. List the prime factors of x.
5
Let k(s) be the first derivative of -s**2/2 - 2*s + 1. List the prime factors of k(-10).
2
Let o be (-2 - -1 - -24)*-1. Let g = o - -34. What are the prime factors of g?
11
Suppose -14 = -5*a + 2*w + 231, -3*w + 32 = a. Let x = a - -11. What are the prime factors of x?
2, 29
Let q be (-1)/((-1)/(-2)) - -2. Suppose -5*j = -q*j. Suppose -4*s + z = 3*z - 32, -2*s + 5*z - 8 = j. What are the prime factors of s?
2, 3
Suppose -n + 4 = 3. Let t(l) = 7*l - 2. List the prime factors of t(n).
5
List the prime factors of (0 - -1)*33*1.
3, 11
What are the prime factors of 944/28 - 2/(-7)?
2, 17
Let z = 129 - -59. List the prime factors of z.
2, 47
What are the prime factors of (0 - 2)*(-306)/12?
3, 17
Let p = 205 - 115. Suppose 0 = 10*l - 5*l - p. What are the prime factors of l?
2, 3
Let z(q) = -q**2 - 8*q - 4. Let j(i) = -i**3 + 6*i**2 + i + 4. Let m be j(6). Let y = 5 - m. List the prime factors of z(y).
11
Let s(h) be the second derivative of -h**6/720 + h**5/24 - h**4/6 - 2*h. Let l(p) be the third derivative of s(p). What are the prime factors of l(0)?
5
What are the prime factors of 80/(4 + 0) + -1?
19
Let h(m) = -m + 0*m + 1 + 2*m**2 + 7*m + 0*m. List the prime factors of h(-4).
3
List the prime factors of (-21555)/(-405) - (-4)/(-18).
53
Suppose 0 = 4*h - 196 + 32. Suppose -l + 5*m - 15 = 0, 5*l - m - 4 = h. What are the prime factors of l?
2, 5
Let a be (0 - 33)*(-36)/27. Suppose -17*s + a = -13*s. What are the prime factors of s?
11
Let y = -38 + 88. List the prime factors of y.
2, 5
Suppose 15 = -3*t - 3*w, 2*t + 22 = -0*w - 5*w. List the prime factors of 11 + t - -1*3.
13
Let a(d) = 5*d**2 + 11*d - 4. Let l be a(-6). Suppose 3*y - 36 = -y. Suppose y*x - l = 4*x. What are the prime factors of x?
2, 11
List the prime factors of 143/2 + (-18)/(-12).
73
Suppose -i = -3*q - 26, -2*q - 2*i - 29 = q. Let a = q - -3. Let z = 6 - a. List the prime factors of z.
2, 3
Let j be (-4)/(1 + 1 - 4). Suppose -j*x + 45 = -x. Suppose x = 4*s + 3*m, -2*s + 22 = -m + 3*m. What are the prime factors of s?
2, 3
Let m = 2 + -2. Suppose m = 4*a - 4*c - 60, -c + 1 + 6 = a. What are the prime factors of a?
11
Suppose -32 = -4*d - 0*d + 4*c, 2*d = 3*c + 20. Let i = -2 + d. Suppose -5*w + 11 = -i*n, 4*w + n = w + 11. What are the prime factors of w?
3
Let h(f) be the first derivative of -3*f**2/2 - 3*f - 2. List the prime factors of h(-6).
3, 5
Let m be (1 - -2) + (-8)/(-4). Suppose 3*u - m*u = -10. What are the prime factors of u?
5
Let h = 328 - -48. List the prime factors of h.
2, 47
Let b = -24 - -44. Suppose 0 = -p + 2*p + u - 28, -b = 4*u. What are the prime factors of p?
3, 11
Let g = -23 - -46. List the prime factors of g.
23
Let t = 26 + -17. Let o(n) = n + 1. List the prime factors of o(t).
2, 5
Let p = -100 + 150. What are the prime factors of p?
2, 5
Suppose 0 = k - 4*h + 8*h, -54 = -4*k + 2*h. Let d = k + -7. List the prime factors of d.
5
Let b(g) = 39*g**2 - 3*g + 5. What are the prime factors of b(-3)?
5, 73
Let q = 14 + -9. Suppose q*l = -2*p + 15, 3*l + 4*p + 2 + 3 = 0. What are the prime factors of l?
5
Let f be (-8)/(-6)*(-3)/(-2). Let x be 5*f/2 - 3. What are the prime factors of (-280)/(-32) - x/(-8)?
3
Let t = -28 - -19. Suppose -4*y + 2*i = -5*y, y + 2 = -i. Let c = y - t. What are the prime factors of c?
5
What are the prime factors of (15/4)/((-15)/(-760))?
2, 5, 19
Suppose -9*d + 6*d = -138. Suppose -4*z + 2*c + 87 = z, -2*c = 2*z - d. What are the prime factors of z?
19
Let i(q) = -q**3 - 9*q**2 - 2*q + 12. List the prime factors of i(-9).
2, 3, 5
Let p(a) = 7*a**2 + a + 16. What are the prime factors of p(-5)?
2, 3, 31
Let g = 8 - 4. Suppose -g*a = -v - 7, 5*v - 4*a + 5 = 2. List the prime factors of v/((-2)/(-12) + 0).
2, 3
Let k(r) = r**2 - r - 2. Let z be k(2). Let o be (-2 - z) + (14 - 0). Let v = o - 7. List the prime factors of v.
5
Suppose -4*c + 52 = -5*j, 5*c + 4*j - 14 = 10. Suppose 0 = c*i - 3*i - 50. Let t(q) = 2*q - 8. What are the prime factors of t(i)?
2, 3
Suppose 8 = 2*m, -3*m - 2*m - 250 = -j. What are the prime factors of j?
2, 3, 5
Let l be -28 + (-6)/9*-3. Let r = l - -36. Suppose -2*h = r - 26. List the prime factors of h.
2
Suppose 7*h - 798 = h. What are the prime factors of h?
7, 19
Suppose 7*a = a + 192. List the prime factors of a.
2
Let b(n) = 38*n**3 - n + 1. Let x be (-1)/2 - 27/(-18). What are the prime factors of b(x)?
2, 19
Let v(c) = -c**2 - 5*c + 4. List the prime factors of v(-4).
2
Let h(j) = j + 2. Let r be h(-2). Suppose -2*m - 3*n = -10, r*m + 15 = 3*m - 5*n. Suppose m*w = 51 + 24. List the prime factors of w.
3, 5
Let b = 7 + -3. Suppose 0*a - 5*a = -b*q - 4, 0 = -4*a + 4*q. Suppose a*f = 3*f + 8. List the prime factors of f.
2
Let r(c) = -c**3 + 8*c**2 - 7*c + 5. What are the prime factors of r(4)?
41
Let l(r) = r + 5. Let u be 2/(-5) + 16/(-10). Let p = u + 2. What are the prime factors of l(p)?
5
Let i(g) = -2*g - 8. Let n be i(-6). Suppose 7*y - n*y - 27 = 0. What are the prime factors of y?
3
Let v = -3 - -2. Let j be -8*(v - (-2)/4). Let y(a) = a + 3. List the prime factors of y(j).
7
Let i = -56 + 36. List the prime factors of (33/(-55))/(2/i).
2, 3
Let r be (-825)/121 - (-2)/(-11). List the prime factors of 2/r - 972/(-21).
2, 23
Let o be ((-4)/3)/((-4)/(-54)). List the prime factors of (o/(-10))/((-1)/(-15)).
3
Suppose -15 + 51 = 3*b. Suppose -r + 43 = b. What are the prime factors of r?
31
Let u(o) = -o**3 - o**2 - 1. Let n be u(-2). Suppose n*j + 0*k - 21 = -3*k, 4*j - 13 = -k. Suppose -j*z - 45 = -7*z. What are the prime factors of z?
3
Let m(r) be the second derivative of -r**5/20 + r**4 + 7*r**3/3 + 6*r**2 - 6*r. What are the prime factors of m(13)?
5
Suppose w - 2*w = 0. Suppose w = -4*f + 5*f. Suppose f = m - x - 14 + 5, -2*m = -4*x - 24. List the prime factors of m.
2, 3
Let c(s) = -s**2 - 11*s. Let y be c(-5). List the prime factors of 4/y - (-1192)/60.
2, 5
Let t be ((-2)/(-7))/(5/35). Suppose 2*c + 3*f = -14, -3*f + 5*f + 11 = -3*c. List the prime factors of -1 - (c - t*6).
2, 3
Let u be ((-2)/4)/((-4)/(-176)). Let z = 40 + u. List the prime factors of z.
2, 3
Let x(p) = 16*p**2 - 2*p - 7. List the prime factors of x(3).
131
Let t = -82 - -168. What are the prime factors of t?
2, 43
Let k = 11 + -19. Let d(x) = -x**2 - 9*x - 1. What are the prime factors of d(k)?
7
Let d(y) = 0*y - y + 0*y + 3*y**2 + 4 + y**3. Suppose -3*x = -o - 3, 9 + 0 = -3*o + x. List the prime factors of d(o).
7
Let f be (-73)/3 - (-1)/3. Suppose -2*v - 104 = k + 2*k, -5*v = 5. Let g = f - k. What are the prime factors of g?
2, 5
Let g(n) = n**3 - 5*n**2 - 14*n + 8. List the prime factors of g(7).
2
Let x(f) = 80*f**2 + f + 2. List the prime factors of x(-1).
3
Let n be (-2)/(-8) + 1041/12. Suppose -5*j + 2*s + 126 = 0, 4*j + 7*s = 4*s + n. List the prime factors of j.
2, 3
Suppose -g = 2*g - 18. List the prime factors of (-14 + 4)*g/(-4).
3, 5
Suppose -8*m = -7*m - 63. What are the prime factors of (-3)/(-12) - m/(-4)?
2
Let n(z) = -z**3 + 9*z**2 - z - 11. Let m be n(8). Let g = m + -11. Let p = g + -20. List the prime factors of p.
2, 7
Let w(g) = -5*g - 4. Suppos